of 105789?
3, 179, 197
List the prime factors of 104.
2, 13
List the prime factors of 1193.
1193
What are the prime factors of 35158?
2, 17579
List the prime factors of 675.
3, 5
List the prime factors of 129.
3, 43
What are the prime factors of 17439?
3, 5813
List the prime factors of 78223.
19, 23, 179
List the prime factors of 13068.
2, 3, 11
What are the prime factors of 73?
73
What are the prime factors of 91699?
107, 857
What are the prime factors of 20491?
31, 661
What are the prime factors of 28203?
3, 7, 17, 79
List the prime factors of 1336.
2, 167
What are the prime factors of 2550?
2, 3, 5, 17
List the prime factors of 2802.
2, 3, 467
List the prime factors of 33106.
2, 16553
What are the prime factors of 88565?
5, 17713
List the prime factors of 108466.
2, 193, 281
What are the prime factors of 10119?
3, 3373
List the prime factors of 630.
2, 3, 5, 7
List the prime factors of 1926.
2, 3, 107
What are the prime factors of 5452?
2, 29, 47
What are the prime factors of 7667?
11, 17, 41
List the prime factors of 1730.
2, 5, 173
List the prime factors of 8153.
31, 263
What are the prime factors of 2165?
5, 433
What are the prime factors of 2053?
2053
What are the prime factors of 62310?
2, 3, 5, 31, 67
What are the prime factors of 25206?
2, 3, 4201
What are the prime factors of 730?
2, 5, 73
What are the prime factors of 47146?
2, 11, 2143
What are the prime factors of 51923?
137, 379
What are the prime factors of 23650?
2, 5, 11, 43
What are the prime factors of 11380?
2, 5, 569
List the prime factors of 2916.
2, 3
What are the prime factors of 180?
2, 3, 5
List the prime factors of 435.
3, 5, 29
List the prime factors of 26195.
5, 13, 31
List the prime factors of 523.
523
List the prime factors of 20925.
3, 5, 31
What are the prime factors of 773?
773
What are the prime factors of 664?
2, 83
What are the prime factors of 3412?
2, 853
What are the prime factors of 147921?
3, 49307
What are the prime factors of 332?
2, 83
List the prime factors of 1931.
1931
What are the prime factors of 125435?
5, 25087
What are the prime factors of 9593?
53, 181
What are the prime factors of 1084?
2, 271
What are the prime factors of 704?
2, 11
List the prime factors of 8667.
3, 107
What are the prime factors of 2276?
2, 569
What are the prime factors of 20060?
2, 5, 17, 59
What are the prime factors of 818?
2, 409
What are the prime factors of 3765?
3, 5, 251
What are the prime factors of 5162?
2, 29, 89
What are the prime factors of 1563?
3, 521
What are the prime factors of 1678?
2, 839
List the prime factors of 10688.
2, 167
What are the prime factors of 584?
2, 73
List the prime factors of 42608.
2, 2663
List the prime factors of 3174.
2, 3, 23
What are the prime factors of 72073?
72073
What are the prime factors of 166923?
3, 17, 1091
List the prime factors of 46539.
3, 5171
List the prime factors of 17722.
2, 8861
What are the prime factors of 44249?
44249
What are the prime factors of 14264?
2, 1783
What are the prime factors of 10588?
2, 2647
List the prime factors of 1362.
2, 3, 227
List the prime factors of 675.
3, 5
What are the prime factors of 114965?
5, 22993
What are the prime factors of 26700?
2, 3, 5, 89
What are the prime factors of 2970?
2, 3, 5, 11
List the prime factors of 4023.
3, 149
What are the prime factors of 4713?
3, 1571
What are the prime factors of 17274?
2, 3, 2879
List the prime factors of 1508.
2, 13, 29
What are the prime factors of 934?
2, 467
What are the prime factors of 556?
2, 139
What are the prime factors of 3152?
2, 197
What are the prime factors of 5418?
2, 3, 7, 43
What are the prime factors of 361?
19
What are the prime factors of 4986?
2, 3, 277
List the prime factors of 1526.
2, 7, 109
What are the prime factors of 285?
3, 5, 19
List the prime factors of 4717.
53, 89
What are the prime factors of 15523?
19, 43
What are the prime factors of 3054?
2, 3, 509
List the prime factors of 50615.
5, 53, 191
List the prime factors of 5655.
3, 5, 13, 29
List the prime factors of 1979.
1979
List the prime factors of 51371.
47, 1093
List the prime factors of 1831.
1831
List the prime factors of 99803.
11, 43, 211
What are the prime factors of 635?
5, 127
List the prime factors of 933.
3, 311
List the prime factors of 543.
3, 181
List the prime factors of 407.
11, 37
What are the prime factors of 2874?
2, 3, 479
What are the prime factors of 96232?
2, 23, 523
List the prime factors of 152174.
2, 11, 6917
List the prime factors of 1216.
2, 19
What are the prime factors of 3547?
3547
List the prime factors of 8609.
8609
What are the prime factors of 1098?
2, 3, 61
What are the prime factors of 365?
5, 73
What are the prime factors of 3209?
3209
What are the prime factors of 513?
3, 19
List the prime factors of 78396.
2, 3, 47, 139
List the prime factors of 3191.
3191
What are the prime factors of 43933?
43933
List the prime factors of 2439.
3, 271
List the prime factors of 69736.
2, 23, 379
List the prime factors of 76086.
2, 3, 1409
List the prime factors of 500.
2, 5
List the prime factors of 21552.
2, 3, 449
List the prime factors of 1317.
3, 439
What are the prime factors of 2296?
2, 7, 41
List the prime factors of 23069.
17, 23, 59
What are the prime factors of 6409?
13, 17, 29
What are the prime factors of 4203?
3, 467
List the prime factors of 53.
53
List the prime factors of 5612.
2, 23, 61
List the prime factors of 2495.
5, 499
List the prime factors of 301.
7, 43
What are the prime factors of 38100?
2, 3, 5, 127
What are the prime factors of 2849?
7, 11, 37
What are the prime factors of 9961?
7, 1423
What are the prime factors of 1080?
2, 3, 5
What are the prime factors of 10275?
3, 5, 137
List the prime factors of 230.
2, 5, 23
What are the prime factors of 94445?
5, 13, 1453
What are the prime factors of 21007?
7, 3001
List the prime factors of 8851.
53, 167
What are the prime factors of 933?
3, 311
List the prime factors of 13502.
2, 43, 157
What are the prime factors of 2414?
2, 17, 71
What are the prime factors of 835?
5, 167
What are the prime factors of 872?
2, 109
What are the prime factors of 1710?
2, 3, 5, 19
What are the prime factors of 16307?
23, 709
List the prime factors of 47302.
2, 67, 353
List the prime factors of 44493.
3, 14831
List the prime factors of 5398.
2, 2699
What are the prime factors of 2305?
5, 461
List the prime factors of 8248.
2, 1031
What are the prime factors of 1573?
11, 13
What are the prime factors of 3560?
2, 5, 89
List the prime factors of 2119.
13, 163
What are the prime factors of 29002?
2, 17, 853
List the prime factors of 7523.
7523
List the prime factors of 1767.
3, 19, 31
What are the prime factors of 4785?
3, 5, 11, 29
What are the prime factors of 47652?
2, 3, 11, 19
What are the prime factors of 862?
2, 431
What are the prime factors of 706?
2, 353
What are the prime factors of 4611?
3, 29, 53
List the prime factors of 70302.
2, 3, 11717
List the prime factors of 3661.
7, 523
What are the prime factors of 519?
3, 173
List the prime factors of 34895.
5, 7, 997
What are the prime factors of 1092?
2, 3, 7, 13
List the prime factors of 39395.
5, 7879
What are the prime factors of 684?
2, 3, 19
What are the prime factors of 1395?
3, 5, 31
What are the prime factors of 162?
2, 3
List the prime factors of 58462.
2, 29231
What are the prime factors of 3501?
3, 389
What are the prime factors of 59268?
2, 3, 11, 449
What are the prime factors of 19893?
3, 19, 349
What are the prime factors of 3381?
3, 7, 23
What are the prime factors of 1102?
2, 19, 29
List the prime factors of 46221.
3, 7, 31, 71
What are the prime factors of 5227?
5227
What are the prime factors of 2410?
2, 5, 241
What are the prime factors of 744?
2, 3, 31
What are the prime factors of 7653?
3, 2551
What are the prime factors of 715?
5, 11, 13
List the prime factors of 23175.
3, 5, 103
List the prime factors of 11322.
2, 3, 17, 37
List the prime factors of 1199.
11, 109
What are the prime factors of 14789?
23, 643
What are the prime factors of 3661?
7, 523
List the prime factors of 22436.
2, 71, 79
List the prime factors of 832.
2, 13
What are the prime factors of 6031?
37, 163
List the prime factors of 5901.
3, 7, 281
List the prime factors of 3797.
3797
List the prime factors of 7757.
7757
L